 3067
What are the prime factors of 114675775?
5, 193, 23767
List the prime factors of 349497939.
3, 7, 73, 32569
What are the prime factors of 901289882?
2, 37, 12179593
What are the prime factors of 32449318?
2, 11, 29, 181, 281
List the prime factors of 30988104.
2, 3, 7, 139, 1327
What are the prime factors of 131573097?
3, 14619233
List the prime factors of 2739647048.
2, 97, 127, 27799
List the prime factors of 181450768.
2, 11340673
List the prime factors of 254303994.
2, 3, 7, 67, 90371
List the prime factors of 19784285.
5, 3956857
What are the prime factors of 31147957?
23, 1049, 1291
What are the prime factors of 629426579?
23, 1061, 25793
List the prime factors of 201862904.
2, 23, 1097081
What are the prime factors of 924238178?
2, 29, 15935141
List the prime factors of 386593664.
2, 29, 104147
What are the prime factors of 28779748?
2, 101, 71237
What are the prime factors of 16552647?
3, 613061
What are the prime factors of 66638810?
2, 5, 7, 17, 29, 1931
List the prime factors of 291452879.
17, 17144287
What are the prime factors of 7671353?
31, 247463
What are the prime factors of 845366226?
2, 3, 140894371
What are the prime factors of 16185203?
16185203
What are the prime factors of 243064387?
6803, 35729
List the prime factors of 1273804075.
5, 50952163
What are the prime factors of 1327350471?
3, 442450157
What are the prime factors of 7297022253?
3, 29, 83873819
What are the prime factors of 370092147?
3, 47, 2624767
What are the prime factors of 262435646?
2, 11, 31, 12413
List the prime factors of 319509640.
2, 5, 149, 53609
List the prime factors of 362528732.
2, 5381, 16843
What are the prime factors of 4535382860?
2, 5, 43, 191, 27611
What are the prime factors of 25482440?
2, 5, 179, 3559
What are the prime factors of 2512801437?
3, 14549, 57571
List the prime factors of 104048274.
2, 3, 11, 23, 68543
List the prime factors of 128563742.
2, 3907, 16453
List the prime factors of 37963094.
2, 13, 127, 11497
List the prime factors of 1900255673.
2473, 768401
List the prime factors of 60194621.
60194621
What are the prime factors of 36090751?
36090751
What are the prime factors of 81055529?
5641, 14369
What are the prime factors of 1505844068?
2, 376461017
List the prime factors of 1208614284.
2, 3, 227, 16433
What are the prime factors of 90568510?
2, 5, 2953, 3067
What are the prime factors of 163573353?
3, 18174817
What are the prime factors of 127712050?
2, 5, 67, 569
What are the prime factors of 87753498?
2, 3, 7, 31, 67399
What are the prime factors of 3021482021?
383, 7888987
What are the prime factors of 14286259?
13, 313, 3511
What are the prime factors of 58424330?
2, 5, 523, 11171
List the prime factors of 951931332.
2, 3, 11, 801289
What are the prime factors of 38156744?
2, 4769593
What are the prime factors of 6607976562?
2, 3, 11, 47, 499, 1423
List the prime factors of 435179145.
3, 5, 29011943
What are the prime factors of 1233163081?
3797, 324773
What are the prime factors of 736557182?
2, 421, 874771
What are the prime factors of 72024615?
3, 5, 13, 23, 53, 101
What are the prime factors of 98759202?
2, 3, 1823, 9029
What are the prime factors of 500439375?
3, 5, 43, 2069
What are the prime factors of 6557179?
6557179
List the prime factors of 791259527.
167, 223, 21247
List the prime factors of 5479280293.
2221, 2467033
List the prime factors of 297027386.
2, 97, 193, 7933
What are the prime factors of 64208675?
5, 43, 59729
List the prime factors of 1440669974.
2, 149, 4834463
What are the prime factors of 6503154770?
2, 5, 7, 173, 537007
List the prime factors of 21233472.
2, 3, 13, 47, 181
What are the prime factors of 911595851?
19, 157, 305597
What are the prime factors of 2581749629?
37, 69777017
List the prime factors of 611193737.
7, 11, 31, 107, 2393
List the prime factors of 1976664005.
5, 31, 12752671
List the prime factors of 1707433566.
2, 3, 23, 12372707
List the prime factors of 83865735.
3, 5, 1863683
What are the prime factors of 155502267?
3, 2411, 21499
What are the prime factors of 100961603?
100961603
List the prime factors of 93494194.
2, 46747097
List the prime factors of 426409529.
7, 13, 1213, 3863
What are the prime factors of 1165996948?
2, 83, 641, 5479
What are the prime factors of 588729064?
2, 7, 11, 955729
List the prime factors of 22908212.
2, 5727053
List the prime factors of 1186845.
3, 5, 11, 7193
What are the prime factors of 3012784569?
3, 31, 10798511
What are the prime factors of 101521099?
523, 194113
What are the prime factors of 7604504791?
13, 109, 5366623
What are the prime factors of 45267942?
2, 3, 7544657
What are the prime factors of 15285921?
3, 7, 37, 103, 191
What are the prime factors of 745677335?
5, 13, 11471959
What are the prime factors of 105517886?
2, 109, 484027
What are the prime factors of 4236641?
71, 59671
What are the prime factors of 742953806?
2, 7, 2341, 22669
What are the prime factors of 54880674?
2, 3, 9146779
What are the prime factors of 975767463?
3, 11, 9856237
What are the prime factors of 212394955?
5, 42478991
List the prime factors of 2038346457.
3, 7, 23, 97, 139, 313
List the prime factors of 49094051.
2741, 17911
What are the prime factors of 171516042?
2, 3, 1019, 1039
What are the prime factors of 208013773?
11, 283, 66821
What are the prime factors of 838052?
2, 19, 11027
What are the prime factors of 30565239?
3, 10188413
What are the prime factors of 1640200445?
5, 13, 25233853
What are the prime factors of 209902817?
209902817
List the prime factors of 404014704.
2, 3, 73, 115301
List the prime factors of 1604769902.
2, 802384951
List the prime factors of 673994806.
2, 23, 14652061
What are the prime factors of 188859581?
37, 5104313
List the prime factors of 598411198.
2, 7, 11, 3885787
List the prime factors of 1937194100.
2, 5, 151, 128291
What are the prime factors of 88915629?
3, 11, 2694413
List the prime factors of 1549250269.
7, 983, 225149
List the prime factors of 1670838188.
2, 19, 21984713
List the prime factors of 90966807.
3, 124783
What are the prime factors of 1814718290?
2, 5, 7, 11, 499, 4723
What are the prime factors of 4698033064?
2, 83, 7075351
What are the prime factors of 170472660?
2, 3, 5, 2841211
List the prime factors of 68768052.
2, 3, 37, 154883
What are the prime factors of 65730271?
137, 479783
What are the prime factors of 345103681?
13, 43, 617359
What are the prime factors of 11529443?
29, 397567
What are the prime factors of 4712073586?
2, 11, 59, 3630257
List the prime factors of 252702405.
3, 5, 5615609
What are the prime factors of 1673777665?
5, 7, 47822219
What are the prime factors of 162472983?
3, 3391, 15971
What are the prime factors of 52486332?
2, 3, 4373861
List the prime factors of 124702741.
167, 746723
List the prime factors of 6460525566.
2, 3, 11, 32628917
List the prime factors of 1026816044.
2, 256704011
What are the prime factors of 206019418?
2, 11, 23, 407153
List the prime factors of 1322283927.
3, 43, 67, 152989
List the prime factors of 172081375.
5, 659, 2089
List the prime factors of 28755646.
2, 29, 495787
List the prime factors of 803965044.
2, 3, 107, 293, 2137
List the prime factors of 144878392.
2, 18109799
What are the prime factors of 443055346?
2, 221527673
What are the prime factors of 779528072?
2, 97441009
What are the prime factors of 70284519?
3, 53, 147347
What are the prime factors of 3671108505?
3, 5, 31, 1471, 1789
List the prime factors of 80026148.
2, 47, 113, 3767
What are the prime factors of 3786479298?
2, 3, 7, 3339047
What are the prime factors of 30933702?
2, 3, 37, 46447
List the prime factors of 210796073.
17, 12399769
What are the prime factors of 2312346968?
2, 19, 37, 411157
What are the prime factors of 49477069?
613, 80713
List the prime factors of 54524064.
2, 3, 7, 67, 173
What are the prime factors of 2618365348?
2, 2689, 243433
What are the prime factors of 137652521?
137652521
List the prime factors of 298505113.
298505113
List the prime factors of 45003222.
2, 3, 11, 239, 317
List the prime factors of 42228163.
42228163
What are the prime factors of 642800824?
2, 80350103
What are the prime factors of 474183522?
2, 3, 67, 393187
List the prime factors of 48317385.
3, 5, 67, 131, 367
What are the prime factors